{"id":957,"date":"2014-10-27T09:09:24","date_gmt":"2014-10-27T08:09:24","guid":{"rendered":"http:\/\/www.duft-gsp\u00fcr.at\/wsvk_wp\/?page_id=957"},"modified":"2019-04-04T15:55:03","modified_gmt":"2019-04-04T13:55:03","slug":"impressum","status":"publish","type":"page","link":"http:\/\/www.duft-gsp\u00fcr.at\/wsvk_wp\/?page_id=957","title":{"rendered":"Impressum"},"content":{"rendered":"\n<figure class=\"wp-block-image is-resized\"><img loading=\"lazy\" src=\"http:\/\/www.duft-gsp\u00fcr.at\/wsvk_wp\/wp-content\/uploads\/2019\/04\/IMG_20190402_124356-768x1024.jpg\" alt=\"\" class=\"wp-image-1386\" width=\"118\" height=\"156\" srcset=\"http:\/\/www.duft-gsp\u00fcr.at\/wsvk_wp\/wp-content\/uploads\/2019\/04\/IMG_20190402_124356-768x1024.jpg 768w, http:\/\/www.duft-gsp\u00fcr.at\/wsvk_wp\/wp-content\/uploads\/2019\/04\/IMG_20190402_124356-225x300.jpg 225w\" sizes=\"(max-width: 118px) 100vw, 118px\" \/><\/figure>\n\n\n<p><strong>Herausgeberin und f\u00fcr den Inhalt verantwortlich:<br \/><\/strong>Barbara Artlieb<br \/>Kogelstra\u00dfe 30a<br \/>3481 Fels\/Wagram<br \/>Mobil: 0681\/81 85 48 86<br \/>Email: barbara@duft-gspuer.at oder barbara@duft-gsp\u00fcr.at<br \/>www.duft-gsp\u00fcr.at oder www.duft-gspuer.at<\/p>\n<p><strong>Zust\u00e4ndige Aufsichtsbeh\u00f6rde:<\/strong><br \/>Bezirkshauptmannschaft Tulln<br \/>Fachgebiet Gewerbe<\/p>\n<p>&#8222;Hilfestellung zur Erreichung einer k\u00f6rperlichen bzw. energetischen Ausgewogenheit mittels Bachbl\u00fcten, Biofeedback oder Bioresonanz, Auswahl von Farben, D\u00fcften, Lichtquellen, Aromastoffen, Edelsteinen, Musik&#8230;..<\/p>\n<p>&#8222;Direktvertrieb&#8220;<\/p>\n<p>&#8222;Handelsgewerbe mit Ausnahme der reglementierten Handelsgewerbe&#8220;<\/p>\n<p>&#8222;Massage &#8211; eingeschr\u00e4nkt auf Ayurveda-Wohlf\u00fchlpraktik, ausgenommen Shiatsu, Tuina An Mo Praktik und andere ganzheitlich in sich geschlossenen Systeme&#8220;<\/p>\n<p><strong>Kammermitgliedschaft:<\/strong><br \/>Wirtschaftskammer Nieder\u00f6sterreich<\/p>\n<p><a title=\"Informationspflicht lt. ECG und Mediengesetz - WKO.at\" href=\"http:\/\/firmen.wko.at\/Web\/Ergebnis.aspx?StandortID=649&amp;StandortName=fels&amp;Suchbegriff=Barbara+Artlieb\">http:\/\/firmen.wko.at\/Web\/Ergebnis.aspx?StandortID=649&amp;StandortName=fels&amp;Suchbegriff=Barbara+Artlieb<\/a><\/p>","protected":false},"excerpt":{"rendered":"<p>Herausgeberin und f\u00fcr den Inhalt verantwortlich:Barbara ArtliebKogelstra\u00dfe 30a3481 Fels\/WagramMobil: 0681\/81 85 48 86Email: barbara@duft-gspuer.at oder barbara@duft-gsp\u00fcr.atwww.duft-gsp\u00fcr.at oder www.duft-gspuer.at Zust\u00e4ndige Aufsichtsbeh\u00f6rde:Bezirkshauptmannschaft TullnFachgebiet Gewerbe &#8222;Hilfestellung zur Erreichung einer k\u00f6rperlichen bzw. energetischen Ausgewogenheit mittels Bachbl\u00fcten, Biofeedback oder Bioresonanz, Auswahl von Farben, D\u00fcften, Lichtquellen, &hellip; <a href=\"http:\/\/www.duft-gsp\u00fcr.at\/wsvk_wp\/?page_id=957\">Weiterlesen <span class=\"meta-nav\">&rarr;<\/span><\/a><\/p>\n","protected":false},"author":1,"featured_media":0,"parent":0,"menu_order":0,"comment_status":"open","ping_status":"open","template":"","meta":[],"_links":{"self":[{"href":"http:\/\/www.duft-gsp\u00fcr.at\/wsvk_wp\/index.php?rest_route=\/wp\/v2\/pages\/957"}],"collection":[{"href":"http:\/\/www.duft-gsp\u00fcr.at\/wsvk_wp\/index.php?rest_route=\/wp\/v2\/pages"}],"about":[{"href":"http:\/\/www.duft-gsp\u00fcr.at\/wsvk_wp\/index.php?rest_route=\/wp\/v2\/types\/page"}],"author":[{"embeddable":true,"href":"http:\/\/www.duft-gsp\u00fcr.at\/wsvk_wp\/index.php?rest_route=\/wp\/v2\/users\/1"}],"replies":[{"embeddable":true,"href":"http:\/\/www.duft-gsp\u00fcr.at\/wsvk_wp\/index.php?rest_route=%2Fwp%2Fv2%2Fcomments&post=957"}],"version-history":[{"count":9,"href":"http:\/\/www.duft-gsp\u00fcr.at\/wsvk_wp\/index.php?rest_route=\/wp\/v2\/pages\/957\/revisions"}],"predecessor-version":[{"id":1393,"href":"http:\/\/www.duft-gsp\u00fcr.at\/wsvk_wp\/index.php?rest_route=\/wp\/v2\/pages\/957\/revisions\/1393"}],"wp:attachment":[{"href":"http:\/\/www.duft-gsp\u00fcr.at\/wsvk_wp\/index.php?rest_route=%2Fwp%2Fv2%2Fmedia&parent=957"}],"curies":[{"name":"wp","href":"https:\/\/api.w.org\/{rel}","templated":true}]}}